 -8, n - 24617 = -4*j - 4*r. Is j composite?
False
Let n = 169 - -268. Suppose h - n = -0*h - 5*b, h = 3*b + 437. Is h a prime number?
False
Let s = -158 - -152. Is 3/s - (-97965)/14 prime?
True
Is (-4 - (1 - -313642))/(-1) + 8/(-2) a composite number?
True
Suppose 59*a - 27*a = 6*a + 26695994. Is a a composite number?
True
Suppose 195*h + 9156417 - 9453197 = 25880605. Is h a prime number?
True
Let g = 78451 - -87736. Is g a prime number?
False
Let j be (1*6)/((-34)/(-4) + -7). Suppose 4*z + z + 11587 = j*i, 4*i - 11589 = 3*z. Let w = 4145 - i. Is w prime?
False
Suppose -21*r = -207558 - 1327983. Is r prime?
True
Is (478766/(-2))/(-21 + (26 - 6)) prime?
True
Suppose 6*m - 12*m + 30 = 0. Suppose 0 = m*u - 4*o - 6379, -u + 668 = -2*o - 603. Is u composite?
False
Let n(d) = -d**3 - d + 1. Let w(a) = 3*a**3 + 5*a**2 - 6*a + 4. Let g(j) = -n(j) - w(j). Let b be g(3). Let s = b - -210. Is s a composite number?
False
Let r be (-9)/(495/10) + 53/(-11). Is (r + (-16554)/(-12))/(5/10) composite?
False
Suppose 0 = -182*w + 164*w + 324. Suppose -w*l = -8*l - 267590. Is l prime?
True
Suppose 63*q = 224*q - 42949330 + 11255997. Is q prime?
True
Suppose 0 = -5*c - f - 4, 5*c + 15 - 7 = 3*f. Let m be ((-4)/2)/c*65/26. Is (m/(-10)*(-1 - 69))/1 a prime number?
False
Suppose -2*z + 24 - 28 = 0, 3*z - 804638 = -4*k. Is k prime?
False
Suppose 337*m + 72560 = 353*m. Is m composite?
True
Let s(f) be the first derivative of -13/4*f**4 + 1/2*f**2 + 4/3*f**3 - 11 - 5*f. Is s(-4) composite?
False
Let v = -166409 - -2586388. Is v a prime number?
True
Let l(b) = 11*b**2 + 24*b + 31. Let u be 66/(-4)*(-1 - 4/12). Let q be l(u). Let d = -3988 + q. Is d composite?
True
Let r = -281455 + 518834. Is r prime?
True
Let c(q) = -4*q - 17. Let l be c(-4). Let i be 9/(-18) + l/(-2)*-7. Is 8/32 + (-1443)/i a prime number?
False
Let k(j) = -187*j - 6. Let w be k(-6). Suppose 7*h - h - w = 0. Suppose 2*m - 578 = -m - t, -m + h = -t. Is m a prime number?
True
Suppose s + 4*q - 27 = 0, -s - 3 = -2*q - 0. Let o be s/(-3 + 4) + (1 - 3). Suppose -3683 = -5*v - 4*l, -o*v = -3*l + l - 3701. Is v a composite number?
False
Suppose -7*o + 895005 = 20978. Suppose 302*m = 313*m - o. Is m prime?
True
Let j(a) = -8972*a + 14. Let h be j(-4). Let x = h + -16263. Is x composite?
True
Is (7 - 275/35) + (0 - (-3741775)/35) a composite number?
False
Suppose 0 = -3*h - 15, -4*h + 37162 + 435614 = 4*j. Is j a prime number?
False
Suppose -4*n + 1134900 = 4*d, 2*n = -33*d + 30*d + 851171. Is d a prime number?
True
Let o = -14636 + 8710. Is 4 + o/(-5) + (-2)/10 a composite number?
True
Let i(n) = 265*n**2 - 14*n - 102. Is i(-11) a prime number?
True
Suppose 69*l + 1508868 = 1957556 + 2357266. Is l composite?
True
Let c = 1401 + -266. Suppose -5*h = -5*y - 2*h - c, -5*h - 1175 = 5*y. Let j = -73 - y. Is j composite?
False
Suppose 3*v - 130*n - 828359 = -132*n, n = v - 276123. Is v prime?
False
Let f = 184287 - 8554. Is f prime?
False
Let g(t) = t**2 + 8*t + 9. Let o be g(-11). Suppose 0 = -4*w - 3*z + o, -35 = -6*w + w + 5*z. Is (-2)/w + 46959/27 prime?
False
Let q(t) = 2586*t - 116. Let d be q(31). Is 258/344 - d/(-8) a composite number?
False
Suppose 4*t + 3*w = -7133, 1501 = -t + 3*w - 301. Let m = t + 2640. Is m prime?
True
Let i = 1996 + -1113. Let h be -3 + 4 + (i - -1). Suppose 5*p = 1340 + h. Is p a prime number?
False
Is (-273909 - (-7 + 3))*(-27)/135 composite?
True
Let d(g) = 332*g**2 - 19*g - 9. Is d(4) composite?
False
Let r(h) = -12*h**3 + 3*h**2 + 9*h + 11. Suppose -5*l = -q - 26, 2 = 2*l - 6. Is r(q) a composite number?
False
Let v(o) = 5. Let z(i) = i - 11. Let x(p) = -5*v(p) - 3*z(p). Let a(d) = -6*d + 16. Let s(b) = 6*a(b) - 13*x(b). Is s(9) prime?
True
Let z = -3012 - -205733. Is z prime?
False
Suppose -u - 164 = -168. Let f be (59/3)/((-6)/(-126)). Suppose -11*n + f = -u*n. Is n a composite number?
False
Let f = 430285 - 234638. Is f a composite number?
True
Let z = 33334 - 24308. Is z a composite number?
True
Let x = 1100342 - 476011. Is x a composite number?
False
Suppose -3*x + 7 = -b, -3*x = 2*x - 3*b - 5. Suppose -x*u + 2 = -m - 3*u, 14 = 2*m + 4*u. Is 73 + m + -5 + 5 a prime number?
False
Let g = -39527 + 66178. Is g a composite number?
True
Let b = -85 + 88. Suppose b*s + 921 = 3*l, 4*l - 1535 = -l - 4*s. Is l a composite number?
False
Suppose 0 = 140*j - 30312687 - 17143253. Is j a composite number?
True
Let p(m) = -2*m + 32. Let s = 45 + -30. Let j be p(s). Is 5944/40 + j/5 prime?
True
Let g = -121099 - -364112. Is g composite?
True
Suppose -4*y = 2*f - 7066, -5*y - 5*f + 3119 + 5701 = 0. Suppose -y = 49*s - 48*s. Is (2 - s/4)*2*2 a prime number?
True
Let s be 53164/(-36) - (-12)/(-54). Let t = 2988 + s. Is t a composite number?
False
Let n = 687483 - -543203. Is n a composite number?
True
Suppose -8*t + 2*s = -7*t - 13355, -2*t + 26698 = -2*s. Is t a prime number?
False
Let t = -26 + 32. Suppose -36 = -t*p - 0. Is (4 - 2)*231/p a prime number?
False
Let h be (-8)/(-60) + (28841484/45 - 2). Is h/88 - 4/22 prime?
True
Let j = 6853 + -2232. Is j prime?
True
Suppose 134*f + 27*f - 4813739 = 0. Is f prime?
False
Let q(j) = 1020*j - 581. Is q(19) prime?
False
Let s = -724 - 827. Let n = -730 - s. Is n a composite number?
False
Let n(z) = -z**3 - 19*z**2 - 13*z - 27. Let g be n(-16). Let d = -1684 - g. Is d*(4 + (-1 - 4)) prime?
True
Let t(a) be the third derivative of 85*a**4/24 - 6*a**3 - 12*a**2. Let b(w) = -171*w + 71. Let m(g) = -3*b(g) - 7*t(g). Is m(-5) prime?
True
Let u(p) = 3*p**3 - 3*p**2 + 3*p - 1. Let l be u(1). Is (8396/l)/(1*(-5 - -7)) a composite number?
False
Let s(i) = 197*i**2 + 594*i - 160. Is s(77) a composite number?
False
Let w(t) = -13523*t - 50. Is w(-3) prime?
True
Suppose 3*u - 7067 = 5*k - 132058, -5*u - 25007 = -k. Is k prime?
False
Let x(u) = 60*u + 5. Let s be x(1). Let d = s + -60. Suppose 6*c - 2454 = -4*p + 4*c, p = d*c + 608. Is p a prime number?
True
Let c(k) be the second derivative of 407*k**3/3 - 16*k**2 + 24*k. Let z be c(14). Suppose -3*v + 11370 = 3*a, -3*a + z = -2*v + 7*v. Is a a prime number?
True
Suppose -2*w = -3*v - 5, -v + 6 + 3 = 2*w. Let a be v*((4 - 5) + 4) + 0. Suppose -5*d = m - 3044, d = a*m + 5*d - 9077. Is m a prime number?
True
Suppose 6*y + 96 = 2*y. Let t(m) = -276*m + 409. Let p be t(-5). Is (-2)/y*-3 + p/4 a prime number?
False
Let i(o) = -5 - 7*o + 3*o**2 - 9*o**2 + 7*o**3 - 8*o**2. Is i(14) prime?
True
Let i(w) = -27023*w + 470. Is i(-3) composite?
True
Let g(x) = -4898*x + 293. Is g(-8) prime?
False
Suppose 5*i + 50 = 30. Let k be (2 - 3)*-1693 - (4 + i). Suppose k = 5*m - 2412. Is m composite?
False
Let k(i) = i**3 - 6*i**2 - 54*i + 40. Let d be k(12). Is d/((-11)/((-3069)/6)) + -1 a composite number?
False
Let w(l) = -l**3 - 17*l**2 + 17*l - 22. Let u be w(-18). Let b be u + 6 + 1/((-1)/(-1433)). Suppose 5*x - b = -4*z, 5*x - 3*z = 2*x + 888. Is x composite?
True
Let u = 132 + -94. Let d(p) = -p**3 + 39*p**2 + 11*p + 115. Is d(u) prime?
False
Let y(a) = -4*a**3 + 7*a + 4. Let r be y(-2). Suppose -4*u = -5*w - 86, r = -w + 2*u - 0*u. Is w*(213/(-6) + 2) prime?
False
Let d(r) = -929*r + 560. Is d(-7) composite?
True
Let l(t) = -2062*t - 21. Let w be l(-17). Suppose 3*a = j + w, -a + j + 11679 = -0. Is a a prime number?
True
Suppose -2*y = -3*t - 71600, -2*y - 3*t + 69537 = -2051. Is y a prime number?
True
Let w(d) = -2143*d**2 - 5*d + 4. Let k be w(1). Let y = 1544 - k. Suppose -2963 = -3*u + y. Is u prime?
False
Let h(t) be the third derivative of t**4/24 + 503*t**3/6 - 2*t**2 + 7. Let b be 2/4 + 6/(-12). Is h(b) a prime number?
True
Suppose -58*h + 63*h = 3040. Let t = h - 294. Is t prime?
False
Suppose 0 = 7*r + 4*r. Suppose -5*p + 74 + 11 = r. Let d(l) = 12*l - 37. Is d(p) a composite number?
False
Let p(l) = -36*l - 103*l + 10 - 290*l + 33 - 630*l. Is p(-4) a composite number?
True
Suppose l + 3*l = 16. Suppose l*b - 47652 = -5*t, 2*b + 10931 = 3*t - 17669. Is (-3)/15 + (0 - t/(-10)) a prime number?
True
Suppose 35*n = 12928351 - 4339841. Is n composite?
True
Let a = -3929 - -7087. Suppose a = 3*z + 5*c, -c - 4180 = -0*z - 4*z. Is z prime?
False
Is (-3040084)/(-6) - (-2)/5*(-15)/(-18) a composite number?
True
Let k be -6 - 1/(1/(-5)). Let w(r) = 3979*r**2 - 2. Is w(k) a composite number?
True
Let l(v) = 4 + 8*v**2